Let d(m) = 5*m**2 - 4*m - 16. Suppose -10*o + 12*o = 10. List the prime factors of d(o).
89
Let v = 157 + 155. What are the prime factors of v?
2, 3, 13
Suppose 0 = 4*v + v - 10. Suppose 171 = 5*d + 4*o, -57 - 55 = -4*d + 3*o. Let q = d + v. What are the prime factors of q?
3, 11
Let k = -12 - -17. Suppose -k*n - 360 = -9*n. What are the prime factors of n?
2, 3, 5
Let k be -9 + (8 - 2)/2. Let o = 26 - k. What are the prime factors of o?
2
Let u(q) = q**2 - 7*q. Let r be u(6). Let c(j) = -j - 5. Let m(i) = 5*i + 26. Let n(z) = 22*c(z) + 4*m(z). What are the prime factors of n(r)?
2, 3
Let i(d) = 6*d**3 - 50*d**2 + 71*d - 34. Let u(m) = m**3 - 10*m**2 + 14*m - 7. Let n(f) = -2*i(f) + 11*u(f). What are the prime factors of n(-12)?
3, 5
Let s = -23 + 26. Let d(i) = -i**3 + 6*i**2 + i - 1. List the prime factors of d(s).
29
Suppose -4*a - 5*u + 98 + 23 = 0, 2*u = -2*a + 60. Let z = -24 + a. Suppose 28 = -z*y + 3, -2*o + y + 111 = 0. What are the prime factors of o?
53
Let r = -677 - -885. What are the prime factors of r?
2, 13
Suppose -4*t - t = 20. List the prime factors of (-10)/t - (-7)/14.
3
Suppose 3*q + 2830 = a, 0 = -2*a - 0*a + 3*q + 5648. What are the prime factors of a?
2, 1409
Let b be 192/(-18)*3/(-1). Let i be (-3684)/(-32) - 4/b. Suppose 8*m - i = 3*m. What are the prime factors of m?
23
Suppose 9*y = 4*y - 100. Let x = 45 - y. List the prime factors of x.
5, 13
Let p be -1*4 + -11 + 0. Let x = p + 18. Suppose 11 = -x*v + 44. What are the prime factors of v?
11
Let s = 17 - -2. Let h = -15 + s. Suppose 0 = 4*r + r + 4*j - 50, 0 = -h*r - j + 51. What are the prime factors of r?
2, 7
Suppose 5*g = 2*v - 10, 4*g + 0*g + 42 = 5*v. List the prime factors of 3/15 - (-568)/v.
3, 19
Suppose 129 = l - 428. List the prime factors of l.
557
What are the prime factors of 83 + -6 + 14 + -12?
79
Let u be (-1086 - -6)*2/(-3). List the prime factors of u/16*2/3.
2, 3, 5
Let i(v) = -100*v**3 + 3*v + 9. What are the prime factors of i(-3)?
2, 3, 5
Suppose -3*y - 50*n + 3474 = -49*n, 4*n + 5807 = 5*y. What are the prime factors of y?
19, 61
Let t be 18/(-54) + 304/(-6). Let k = -34 - t. Let i = k + -11. List the prime factors of i.
2, 3
Let h(t) = -t + 18. Let m be h(16). Suppose 0 = 2*y - y - m. Suppose y*c = 11 + 11. What are the prime factors of c?
11
Suppose 7*x - 3*x - 96 = 0. Let d = x + -11. List the prime factors of d.
13
List the prime factors of (0 - 43)*(-6 + -29).
5, 7, 43
Let p = 2026 + -1036. What are the prime factors of p?
2, 3, 5, 11
Suppose 23*n - 15 = 20*n. Suppose 2*u + 3*s - 302 = 8*s, 10 = n*s. What are the prime factors of u?
2, 3, 13
Let z(u) = 83*u - 2. Let w(g) = g**3 + 2*g - 2. Let n be w(1). List the prime factors of z(n).
3
What are the prime factors of 57/(-76) - 7038/(-8)?
3, 293
Suppose 1529 = 3*l - 3328. What are the prime factors of l?
1619
Suppose 4*b = 53 - 5. Let x = b + -10. List the prime factors of ((-20)/6)/(x/(-12)).
2, 5
Let z(u) = 6*u**2 - 3*u + 2. List the prime factors of z(-2).
2
Suppose 4*n = -k + 7760, 0 = 4*n + k - 2*k - 7760. List the prime factors of n.
2, 5, 97
Suppose -4*r = 5*m - 16237, 3*r - 12173 = 15*m - 14*m. List the prime factors of r.
2, 2029
Let d(z) = -2*z**2 + 15. Let q be d(-5). Let o = q + 96. What are the prime factors of o?
61
Let z(r) = 4*r**2 + 24*r + 7. List the prime factors of z(-10).
167
Let j(i) = 35*i**2 + 36*i - 45. List the prime factors of j(9).
2, 3, 173
Suppose 922 = -54*g + 56*g. List the prime factors of g.
461
Let h(s) = s**3 + s - 6. Let x be h(2). Suppose 6*j - x*j = 76. List the prime factors of j.
2, 19
Suppose -w = -6*w + 25. Suppose 0 = -4*o - 2 - 14, 4*o = -w*f + 329. Let c = f - 17. What are the prime factors of c?
2, 13
List the prime factors of -1 - 0 - (45 - 643).
3, 199
Suppose 213*b = 214*b - 2882. List the prime factors of b.
2, 11, 131
Let i be 58/(-203) - (-4778)/14. Let n = i - 30. What are the prime factors of n?
311
Let m = 469 - 495. Suppose -2*k = 5*o - 25, -5*k + 3*o - 4 = -4*k. List the prime factors of (4 + m/k)*-15.
2, 3
Let r be ((-2)/(-3))/((-16)/(-768)). Let c = -126 + r. List the prime factors of -3 - -2*c/(-4).
2, 11
Suppose 6*f - 4*f = 0. Let z be 1/((-1)/5 - f). List the prime factors of (2 + (-99)/15)*z.
23
Let z(c) = 3*c**2 - 19*c + 15. Let m(q) = -q**2 + 6*q - 5. Let n(s) = -7*m(s) - 2*z(s). Let u = -35 - -40. List the prime factors of n(u).
2, 5
Suppose 25*w - 22*w - 303 = 0. What are the prime factors of w?
101
Let t = -591 + 1063. Let s = t - 267. What are the prime factors of s?
5, 41
Let n = 1002 - 782. What are the prime factors of n?
2, 5, 11
Suppose 9 = -3*n, 2*w + 3*n - 52 - 949 = 0. What are the prime factors of w?
5, 101
Let w(o) = 14*o - 4. Let x be ((-40)/(-6))/((-4)/(-6)). Let j be 25/x*(-6)/(-5). What are the prime factors of w(j)?
2, 19
Let z = 7573 + -5383. What are the prime factors of z/21 + (-6)/21?
2, 13
Let h = -16 + 18. Suppose h*k - 724 = -2*k. Suppose 4*m + k = 5*y, -132 = -5*y + 5*m + 53. List the prime factors of y.
3, 11
Let f(v) = -6*v**2 - 1. Let p be f(2). List the prime factors of (p/(-10))/(3*3/342).
5, 19
Let o be 2/(-3)*((-156)/8 - -3). Let j(y) = y**2 + 1. What are the prime factors of j(o)?
2, 61
Suppose 5*r - 5*l = 385, 6*r + 62 = 7*r + 2*l. List the prime factors of r.
2, 3
Suppose 8*f - 112282 = -54*f. What are the prime factors of f?
1811
Let f = -337 + 1662. What are the prime factors of f?
5, 53
Suppose -4*g = -5*g + 7. Let j(a) be the first derivative of a**4/4 - 7*a**3/3 + 5*a**2 - 14*a + 15. List the prime factors of j(g).
2, 7
Let m = 74 + -122. List the prime factors of (m - -3)*(-35)/7.
3, 5
Let k = 1455 - 437. List the prime factors of k.
2, 509
Let u(a) be the second derivative of a**4/6 + 3*a**3/2 + 8*a**2 - 23*a. List the prime factors of u(-7).
3, 17
Let t be (1/3)/((-2)/(-30)). Let m = -22 - -25. Suppose -m*a - g + 45 = 0, g - 2*g = -t*a + 83. What are the prime factors of a?
2
Let m = 55 + 684. List the prime factors of m.
739
Let h be -4 + 7 - -1*1. List the prime factors of 422/h + (-9)/(-6).
107
Suppose 3*b + 5*c - 32 - 8 = 0, 0 = -2*b + 2*c. Suppose 0 = 5*r - 0*g - 5*g - 125, -3*r = -b*g - 75. What are the prime factors of r?
5
Let r = 83 + -79. Suppose -r*i = -2*b + 5 + 67, 0 = 2*i + 6. What are the prime factors of b?
2, 3, 5
Let d = -82 - -69. Let g(b) be the second derivative of b**5/20 + b**4 - 8*b**3/3 - b**2 - 4*b. List the prime factors of g(d).
37
Suppose -5*z = -4*p - 14807, 0 = 6*p - p - 10. List the prime factors of z.
2963
Let m = -4 + 7. Suppose 3*y + 18 = -5*w, 15 = -m*y - 0*y - 4*w. What are the prime factors of 4 + y + -2 - -35?
2, 3
Suppose -3*t - t = 4*m - 248, -t = -m - 58. Let u = -41 + t. What are the prime factors of u?
19
Let n(s) = -13*s - 1. Let f be n(-1). Let h = f - 8. Suppose -h*w + 20 = -48. What are the prime factors of w?
17
Let j = 11 + -8. Suppose j*k - 256 = -k. What are the prime factors of k?
2
What are the prime factors of -1 - 31*(-4)/(-4)*-16?
3, 5, 11
Suppose -210*y = -203*y - 21826. What are the prime factors of y?
2, 1559
Let d = 147 + -211. Let t = d + 89. What are the prime factors of t?
5
Let z(v) = v**3 - 11*v**2 + 19*v - 1. What are the prime factors of z(11)?
2, 13
Suppose 76*u = 81*u - 920. What are the prime factors of u?
2, 23
Let n(s) = -s + 4. Let i be n(3). Let j be 140/(-3) + i/(-3). Let p = j - -66. What are the prime factors of p?
19
Suppose -11*t + 8*t + 27 = 0. Suppose -7 = 2*c - 4*v + t, 5*c - 4 = -v. Suppose 5*z + 10 = c, -3*z + 24 + 27 = 3*w. List the prime factors of w.
19
What are the prime factors of (12/16)/((-6)/(-11216))?
2, 701
Let y be 1*(2 + 0 + -1). Suppose 0 - y = -j. List the prime factors of j/(-3) - 301/(-21).
2, 7
Suppose 2*g - 4*c = 256, 3*c - 21 = -4*g + 436. Suppose 3*r = -3*i - 2*i + 71, -3*r + 55 = 4*i. Suppose 0 = 3*u + i - g. What are the prime factors of u?
2, 17
Suppose 2*g - 4 = -0*g. Let c be 1/((-6)/(-9))*g. List the prime factors of 5 - c - 1 - -23.
2, 3
Let w = -21 + 34. Let i = w - -52. List the prime factors of i.
5, 13
Let d be (-9)/(-12) + 25/20. What are the prime factors of -1 - 3*(d - 11)?
2, 13
Suppose 9 = -3*o - 3*n, 3*o - 3*n - 2 = -o. Let l = 0 + o. List the prime factors of (-2 - 51)/(-2 - l).
53
Let o(b) = b**2 - 2*b - 3. Let g be o(3). Suppose 0 = -5*i + 3*w + 361, 